{"id":46023,"date":"2021-07-29T10:19:30","date_gmt":"2021-07-29T10:19:30","guid":{"rendered":"https:\/\/ionexchangeglobal.com\/int\/?page_id=46023"},"modified":"2023-12-28T15:23:07","modified_gmt":"2023-12-28T09:53:07","slug":"conquistas-2","status":"publish","type":"page","link":"https:\/\/ionexchangeglobal.com\/int\/pt\/conquistas-2\/","title":{"rendered":"Conquistas"},"content":{"rendered":"\t\t<div data-elementor-type=\"wp-page\" data-elementor-id=\"46023\" data-post-id=\"46023\" data-obj-id=\"46023\" class=\"elementor elementor-46023 dce-elementor-post-46023\">\n\t\t\t\t\t\t<div class=\"elementor-inner\">\n\t\t\t\t<div class=\"elementor-section-wrap\">\n\t\t\t\t\t\t\t\t\t<section class=\"has_ma_el_bg_slider elementor-section elementor-top-section elementor-element elementor-element-43732ca2 elementor-section-full_width elementor-section-height-default elementor-section-height-default jltma-glass-effect-no\" data-id=\"43732ca2\" data-element_type=\"section\">\n\t\t\t\t\t\t<div class=\"elementor-container elementor-column-gap-no\">\n\t\t\t\t\t\t\t<div class=\"elementor-row\">\n\t\t\t\t\t<div class=\"has_ma_el_bg_slider elementor-column elementor-col-100 elementor-top-column elementor-element elementor-element-712539ba jltma-glass-effect-no\" data-id=\"712539ba\" data-element_type=\"column\">\n\t\t\t<div class=\"elementor-column-wrap elementor-element-populated\">\n\t\t\t\t\t\t\t<div class=\"elementor-widget-wrap\">\n\t\t\t\t\t\t<section class=\"has_ma_el_bg_slider elementor-section elementor-inner-section elementor-element elementor-element-1584f065 elementor-section-full_width elementor-section-height-default elementor-section-height-default jltma-glass-effect-no\" data-id=\"1584f065\" data-element_type=\"section\">\n\t\t\t\t\t\t<div class=\"elementor-container elementor-column-gap-no\">\n\t\t\t\t\t\t\t<div class=\"elementor-row\">\n\t\t\t\t\t<div class=\"has_ma_el_bg_slider elementor-column elementor-col-100 elementor-inner-column elementor-element elementor-element-29bc33f6 jltma-glass-effect-no\" data-id=\"29bc33f6\" data-element_type=\"column\">\n\t\t\t<div class=\"elementor-column-wrap elementor-element-populated\">\n\t\t\t\t\t\t\t<div class=\"elementor-widget-wrap\">\n\t\t\t\t\t\t<div class=\"elementor-element elementor-element-1e2efcc7 jltma-glass-effect-no elementor-widget elementor-widget-html\" data-id=\"1e2efcc7\" data-element_type=\"widget\" data-widget_type=\"html.default\">\n\t\t\t\t<div class=\"elementor-widget-container\">\n\t\t\t\n\n<div class=\"header\">\n\n<!--Content before waves-->\n\n<!--Waves Container-->\n<div>\n<svg class=\"waves\" xmlns=\"https:\/\/www.w3.org\/2000\/svg\" xmlns:xlink=\"https:\/\/www.w3.org\/1999\/xlink\"\nviewBox=\"0 24 150 28\" preserveAspectRatio=\"none\" shape-rendering=\"auto\">\n<defs>\n<path id=\"gentle-wave\" d=\"M-160 44c30 0 58-18 88-18s 58 18 88 18 58-18 88-18 58 18 88 18 v44h-352z\" \/>\n<\/defs>\n<g class=\"parallax\">\n\n<use xlink:href=\"#gentle-wave\" x=\"48\" y=\"5\" fill=\"#56bca4\"><\/use>\n<use xlink:href=\"#gentle-wave\" x=\"48\" y=\"5\" fill=\"#87cfbe\"><\/use>\n<use xlink:href=\"#gentle-wave\" x=\"48\" y=\"5\" fill=\"#b7e2d8\"><\/use>\n<use xlink:href=\"#gentle-wave\" x=\"100\" y=\"0\" fill=\"#ffffff\"><\/use>\n\n<\/g>\n<\/svg>\n<\/div>\n<!--Waves end-->\n\n<\/div>\n<!--Header ends-->\n\n\n\t\t<\/div>\n\t\t\t\t<\/div>\n\t\t\t\t\t\t<\/div>\n\t\t\t\t\t<\/div>\n\t\t<\/div>\n\t\t\t\t\t\t\t\t<\/div>\n\t\t\t\t\t<\/div>\n\t\t<\/section>\n\t\t\t\t\t\t<\/div>\n\t\t\t\t\t<\/div>\n\t\t<\/div>\n\t\t\t\t\t\t\t\t<\/div>\n\t\t\t\t\t<\/div>\n\t\t<\/section>\n\t\t\t\t<section class=\"has_ma_el_bg_slider elementor-section elementor-top-section elementor-element elementor-element-2b5504c6 elementor-section-full_width elementor-section-height-default elementor-section-height-default jltma-glass-effect-no\" data-id=\"2b5504c6\" data-element_type=\"section\">\n\t\t\t\t\t\t<div class=\"elementor-container elementor-column-gap-no\">\n\t\t\t\t\t\t\t<div class=\"elementor-row\">\n\t\t\t\t\t<div class=\"has_ma_el_bg_slider elementor-column elementor-col-100 elementor-top-column elementor-element elementor-element-67003840 jltma-glass-effect-no\" data-id=\"67003840\" data-element_type=\"column\">\n\t\t\t<div class=\"elementor-column-wrap elementor-element-populated\">\n\t\t\t\t\t\t\t<div class=\"elementor-widget-wrap\">\n\t\t\t\t\t\t<section class=\"has_ma_el_bg_slider elementor-section elementor-inner-section elementor-element elementor-element-5dd36c96 elementor-section-full_width elementor-section-height-default elementor-section-height-default jltma-glass-effect-no\" data-id=\"5dd36c96\" data-element_type=\"section\">\n\t\t\t\t\t\t<div class=\"elementor-container elementor-column-gap-no\">\n\t\t\t\t\t\t\t<div class=\"elementor-row\">\n\t\t\t\t\t<div class=\"has_ma_el_bg_slider elementor-column elementor-col-100 elementor-inner-column elementor-element elementor-element-5fd061df jltma-glass-effect-no\" data-id=\"5fd061df\" data-element_type=\"column\">\n\t\t\t<div class=\"elementor-column-wrap elementor-element-populated\">\n\t\t\t\t\t\t\t<div class=\"elementor-widget-wrap\">\n\t\t\t\t\t\t<div class=\"elementor-element elementor-element-192cbe3a jltma-glass-effect-no elementor-widget elementor-widget-html\" data-id=\"192cbe3a\" data-element_type=\"widget\" data-widget_type=\"html.default\">\n\t\t\t\t<div class=\"elementor-widget-container\">\n\t\t\t\n\n<div class=\"header\">\n\n<!--Content before waves-->\n\n<!--Waves Container-->\n<div>\n<svg class=\"waves\" xmlns=\"https:\/\/www.w3.org\/2000\/svg\" xmlns:xlink=\"https:\/\/www.w3.org\/1999\/xlink\"\nviewBox=\"0 24 150 28\" preserveAspectRatio=\"none\" shape-rendering=\"auto\">\n<defs>\n<path id=\"gentle-wave\" d=\"M-160 44c30 0 58-18 88-18s 58 18 88 18 58-18 88-18 58 18 88 18 v44h-352z\" \/>\n<\/defs>\n<g class=\"parallax\">\n\n<use xlink:href=\"#gentle-wave\" x=\"48\" y=\"5\" fill=\"rgba(147,215,175,0)\" \/>\n<use xlink:href=\"#gentle-wave\" x=\"48\" y=\"5\" fill=\"rgba(147,215,175,0)\" \/>\n<use xlink:href=\"#gentle-wave\" x=\"48\" y=\"5\" fill=\"rgba(147,215,175,0)\" \/>\n<use xlink:href=\"#gentle-wave\" x=\"100\" y=\"0\" fill=\"#ffffff\" \/>\n\n<\/g>\n<\/svg>\n<\/div>\n<!--Waves end-->\n\n<\/div>\n<!--Header ends-->\n\n\n\t\t<\/div>\n\t\t\t\t<\/div>\n\t\t\t\t\t\t<\/div>\n\t\t\t\t\t<\/div>\n\t\t<\/div>\n\t\t\t\t\t\t\t\t<\/div>\n\t\t\t\t\t<\/div>\n\t\t<\/section>\n\t\t\t\t\t\t<\/div>\n\t\t\t\t\t<\/div>\n\t\t<\/div>\n\t\t\t\t\t\t\t\t<\/div>\n\t\t\t\t\t<\/div>\n\t\t<\/section>\n\t\t\t\t<section class=\"has_ma_el_bg_slider elementor-section elementor-top-section elementor-element elementor-element-3a00429 elementor-section-full_width elementor-section-height-default elementor-section-height-default jltma-glass-effect-no\" data-dce-background-color=\"#FFFFFF\" data-id=\"3a00429\" data-element_type=\"section\" data-settings=\"{&quot;background_background&quot;:&quot;classic&quot;}\">\n\t\t\t\t\t\t<div class=\"elementor-container elementor-column-gap-no\">\n\t\t\t\t\t\t\t<div class=\"elementor-row\">\n\t\t\t\t\t<div class=\"has_ma_el_bg_slider elementor-column elementor-col-100 elementor-top-column elementor-element elementor-element-1776edc jltma-glass-effect-no\" data-id=\"1776edc\" data-element_type=\"column\">\n\t\t\t<div class=\"elementor-column-wrap elementor-element-populated\">\n\t\t\t\t\t\t\t<div class=\"elementor-widget-wrap\">\n\t\t\t\t\t\t<div class=\"elementor-element elementor-element-d0a2fcc jltma-glass-effect-no elementor-widget elementor-widget-heading\" data-id=\"d0a2fcc\" data-element_type=\"widget\" data-widget_type=\"heading.default\">\n\t\t\t\t<div class=\"elementor-widget-container\">\n\t\t\t<h2 class=\"elementor-heading-title elementor-size-default\">Mais de 55 anos de rica experi\u00eancia e conhecimento diversificado em gest\u00e3o h\u00eddrica e ambiental.<\/h2>\t\t<\/div>\n\t\t\t\t<\/div>\n\t\t\t\t\t\t<\/div>\n\t\t\t\t\t<\/div>\n\t\t<\/div>\n\t\t\t\t\t\t\t\t<\/div>\n\t\t\t\t\t<\/div>\n\t\t<\/section>\n\t\t\t\t<section class=\"has_ma_el_bg_slider elementor-section elementor-top-section elementor-element elementor-element-51d37c89 Product-inner-section-wrap elementor-section-boxed elementor-section-height-default elementor-section-height-default jltma-glass-effect-no\" data-id=\"51d37c89\" data-element_type=\"section\" data-settings=\"{&quot;background_background&quot;:&quot;classic&quot;}\">\n\t\t\t\t\t\t<div class=\"elementor-container elementor-column-gap-default\">\n\t\t\t\t\t\t\t<div class=\"elementor-row\">\n\t\t\t\t\t<div class=\"has_ma_el_bg_slider elementor-column elementor-col-66 elementor-top-column elementor-element elementor-element-e8c97ce jltma-glass-effect-no\" data-id=\"e8c97ce\" data-element_type=\"column\">\n\t\t\t<div class=\"elementor-column-wrap elementor-element-populated\">\n\t\t\t\t\t\t\t<div class=\"elementor-widget-wrap\">\n\t\t\t\t\t\t<div class=\"elementor-element elementor-element-a0fd859 jltma-glass-effect-no elementor-widget elementor-widget-wp-widget-custom_html\" data-id=\"a0fd859\" data-element_type=\"widget\" id=\"timeline-box\" data-widget_type=\"wp-widget-custom_html.default\">\n\t\t\t\t<div class=\"elementor-widget-container\">\n\t\t\t<div class=\"textwidget custom-html-widget\"><div class=\"wrapper1\">\r\n\r\n\r\n<div class=\"clipe de suporte\">\r\n     <div class=\"c\u00edrculo c\u00edrculo1\"><\/div>\r\n     <div class=\"c\u00edrculo c\u00edrculo2\"><\/div>\r\n<\/div>\r\n   <div class=\"cada-ano\">\r\n     <div class=\"cada-evento\">\r\n       <div class=\"descri\u00e7\u00e3o do evento\">\r\n         <h4>1965<\/h4>\r\n         A produ\u00e7\u00e3o de resinas de troca i\u00f4nica de classe mundial e a montagem de equipamentos come\u00e7aram.\r\n       <\/div>\r\n     <\/div>\r\n  \r\n   <div class=\"cada-evento\">\r\n     <div class=\"descri\u00e7\u00e3o do evento\">\r\n      <h4>1969<\/h4>\r\n      Foi celebrado o primeiro grande contrato - CPCL...\r\n     <\/div>\r\n   <\/div>\r\n  \r\n   <div class=\"cada-evento\">\r\n     <div class=\"descri\u00e7\u00e3o do evento\">\r\n      <h4>1974<\/h4>\r\nUma rede de revendedores foi estabelecida em toda a \u00cdndia. <\/div>\r\n   <\/div>\r\n  \r\n   <div class=\"cada-evento\">\r\n     <div class=\"descri\u00e7\u00e3o do evento\">\r\n     <h4>1976<\/h4>\r\nA pesquisa e desenvolvimento foram reconhecidos pelo Departamento de Ci\u00eancia e Tecnologia (DST). <\/div>\r\n   <\/div>\r\n  \r\n   <div class=\"cada-evento\">\r\n     <div class=\"descri\u00e7\u00e3o do evento\">\r\n      <h4>1977<\/h4>\r\nAs a\u00e7\u00f5es est\u00e3o listadas na Bolsa de Valores de Bombaim. <\/div>\r\n   <\/div>\r\n\r\n     <div class=\"cada-evento\">\r\n       <div class=\"descri\u00e7\u00e3o do evento\">\r\n        <h4>1978<\/h4>\r\nA primeira empresa na \u00cdndia a introduzir o conceito de osmose reversa. <\/div>\r\n     <\/div>\r\n\r\n\r\n   <div class=\"cada-evento\">\r\n     <div class=\"descri\u00e7\u00e3o do evento\">\r\n      <h4>1979<\/h4>\r\nUma planta de resina de troca i\u00f4nica foi instalada em Ankleshwar e sua capacidade foi ampliada em 1994 e a planta foi totalmente automatizada. <\/div>\r\n   <\/div>\r\n    \r\n   <div class=\"cada-evento\">\r\n     <div class=\"descri\u00e7\u00e3o do evento\">\r\n      <h4>1982<\/h4>\r\nAbertura de uma nova unidade de design e produ\u00e7\u00e3o em Hosur. <\/div>\r\n   <\/div>\r\n    \r\n   <div class=\"cada-evento\">\r\n     <div class=\"descri\u00e7\u00e3o do evento\">\r\n      <h4>1983<\/h4>\r\nOs primeiros fundos de assist\u00eancia social para funcion\u00e1rios foram formados. A produ\u00e7\u00e3o qu\u00edmica industrial come\u00e7a em Patancheru. Instala\u00e7\u00e3o de uma das maiores esta\u00e7\u00f5es de tratamento de \u00e1gua da \u00c1sia \u2013 MSEB. <\/div>\r\n   <\/div>\r\n    \r\n   <div class=\"cada-evento\">\r\n     <div class=\"descri\u00e7\u00e3o do evento\">\r\n      <h4>1985<\/h4>\r\nAp\u00f3s a venda da Permutit, a Ion Exchange torna-se uma empresa 100% indiana. <\/div>\r\n   <\/div>\r\n    \r\n   <div class=\"cada-evento\">\r\n     <div class=\"descri\u00e7\u00e3o do evento\">\r\n      <h4>1987<\/h4>\r\nHalol Kalol foi a primeira empresa na \u00cdndia a produzir um elemento de membrana de osmose reversa. <\/div>\r\n   <\/div>\r\n\r\n   <div class=\"cada-evento\">\r\n     <div class=\"descri\u00e7\u00e3o do evento\">\r\n      <h4>1991<\/h4>\r\nCriou uma divis\u00e3o internacional e iniciou opera\u00e7\u00f5es no Sudeste Asi\u00e1tico. <\/div>\r\n   <\/div>\r\n\r\n   <div class=\"cada-evento\">\r\n     <div class=\"descri\u00e7\u00e3o do evento\">\r\n      <h4>1996<\/h4>\r\nA primeira planta de dessaliniza\u00e7\u00e3o de \u00e1gua do mar por osmose reversa da \u00cdndia foi inaugurada em GEB, Sikka. <\/div>\r\n   <\/div>\r\n\r\n\r\n\r\n   <div class=\"cada-evento\">\r\n     <div class=\"descri\u00e7\u00e3o do evento\">\r\n      <h4>1997<\/h4>\r\nCria\u00e7\u00e3o de uma Unidade 100% Orientada para a Exporta\u00e7\u00e3o (EOU) em Rabalais. <\/div>\r\n   <\/div>\r\n\r\n\r\n   <div class=\"cada-evento\">\r\n     <div class=\"descri\u00e7\u00e3o do evento\">\r\n      <h4>1998<\/h4>\r\nCome\u00e7a a produ\u00e7\u00e3o de bens de consumo em Goa - Zero B. <\/div>\r\n   <\/div>\r\n\r\n\r\n\r\n   <div class=\"cada-evento\">\r\n     <div class=\"descri\u00e7\u00e3o do evento\">\r\n      <h4>2003<\/h4>\r\nPara a Indian Railways, a primeira planta de \u00e1gua pot\u00e1vel embalada - Rail Neer - foi inaugurada e uma f\u00e1brica de pol\u00edmeros foi inaugurada em Patancheru. <\/div>\r\n   <\/div>\r\n\r\n   <div class=\"cada-evento\">\r\n     <div class=\"descri\u00e7\u00e3o do evento\">\r\n      <h4>2004<\/h4>\r\nAbertura de uma subsidi\u00e1ria em Bangladesh. <\/div>\r\n   <\/div>\r\n\r\n   <div class=\"cada-evento\">\r\n     <div class=\"descri\u00e7\u00e3o do evento\">\r\n      <h4>2006<\/h4>\r\nA Ion Exchange ganhou v\u00e1rios pr\u00eamios e criou uma joint venture em Om\u00e3.\r\n     <\/div>\r\n   <\/div>\r\n\r\n   <div class=\"cada-evento\">\r\n     <div class=\"descri\u00e7\u00e3o do evento\">\r\n      <h4>2007<\/h4>\r\nFabricado em Hamriyah, Emirados \u00c1rabes Unidos. <\/div>\r\n   <\/div>\r\n\r\n   <div class=\"cada-evento\">\r\n     <div class=\"descri\u00e7\u00e3o do evento\">\r\n      <h4>2008<\/h4>\r\nSolu\u00e7\u00f5es completas prontas para uso para General Motors, Pune e JSW Steel, Bellary. Iniciou opera\u00e7\u00f5es nos EUA. Uma esta\u00e7\u00e3o integrada de tratamento de \u00e1guas residuais de quatro fluxos para o projeto de refinaria de exporta\u00e7\u00e3o de petr\u00f3leo da Reliance Industries foi comissionada em Jamnagar, Gujarat. <\/div>\r\n   <\/div>\r\n\r\n   <div class=\"cada-evento\">\r\n     <div class=\"descri\u00e7\u00e3o do evento\">\r\n      <h4>2010<\/h4>\r\nA maior planta de dessaliniza\u00e7\u00e3o de \u00e1gua do mar por osmose reversa no setor industrial foi encomendada \u00e0 Chennai Petroleum Corporation Limited. <\/div>\r\n   <\/div>\r\n\r\n   <div class=\"cada-evento\">\r\n     <div class=\"descri\u00e7\u00e3o do evento\">\r\n      <h4>2011<\/h4>\r\nFoi concedido um contrato chave na m\u00e3o para a constru\u00e7\u00e3o de uma esta\u00e7\u00e3o de tratamento de esgoto para o novo projeto da Maruti Suzuki em Manesar. <\/div>\r\n   <\/div>\r\n\r\n   <div class=\"cada-evento\">\r\n     <div class=\"descri\u00e7\u00e3o do evento\">\r\n      <h4>2012<\/h4>\r\nJoint venture na \u00c1frica do Sul. <\/div>\r\n   <\/div>\r\n\r\n   <div class=\"cada-evento\">\r\n     <div class=\"descri\u00e7\u00e3o do evento\">\r\n      <h4>2013<\/h4>\r\nUma joint venture na Tail\u00e2ndia que recebeu o Selo Ouro da Associa\u00e7\u00e3o de Qualidade da \u00c1gua dos EUA por diversas resinas de troca i\u00f4nica usadas em \u00e1gua pot\u00e1vel.<\/div>\t\t<\/div>\n\t\t\t\t<\/div>\n\t\t\t\t\t\t<\/div>\n\t\t\t\t\t<\/div>\n\t\t<\/div>\n\t\t\t\t<div class=\"has_ma_el_bg_slider elementor-column elementor-col-33 elementor-top-column elementor-element elementor-element-10bf5997 jltma-glass-effect-no\" data-id=\"10bf5997\" data-element_type=\"column\">\n\t\t\t<div class=\"elementor-column-wrap elementor-element-populated\">\n\t\t\t\t\t\t\t<div class=\"elementor-widget-wrap\">\n\t\t\t\t\t\t<div class=\"elementor-element elementor-element-4448cd75 jltma-glass-effect-no elementor-widget elementor-widget-ucaddon_service_single_sidebar\" data-id=\"4448cd75\" data-element_type=\"widget\" data-widget_type=\"ucaddon_service_single_sidebar.default\">\n\t\t\t\t<div class=\"elementor-widget-container\">\n\t\t\t<!-- start Service single sidebar -->\n\t\t<link id='font-awesome-css' href='https:\/\/ionexchangeglobal.com\/int\/wp-content\/plugins\/unlimited-elements-for-elementor\/assets_libraries\/font-awesome5\/css\/fontawesome-all.min.css' type='text\/css' rel='stylesheet' >\n\t\t<link id='font-awesome-4-shim-css' href='https:\/\/ionexchangeglobal.com\/int\/wp-content\/plugins\/unlimited-elements-for-elementor\/assets_libraries\/font-awesome5\/css\/fontawesome-v4-shims.css' type='text\/css' rel='stylesheet' >\n\n\t\t\t<style type=\"text\/css\">\/* widget: Service single sidebar *\/\n\n.service-sidebar {\n\tfont-family: \"Futura MD Bt\", serif !important;\n}\n\n<\/style>\n\n\t\t\t<div class=\"service-sidebar\">\n\t\t<div class=\"service-sidebar-widget\">\n\t\t<div class=\"service-cat-widget ul-li-block\">\n\t\t\t<h3 class=\"widget-title\">Empresa<\/h3>\n\t\t\t<ul>\n              <li><a href=\"#\">Sobre n\u00f3s<\/a><\/li>\n<li><a href=\"#\">Rela\u00e7\u00f5es com Investidores<\/a><\/li>\n<li><a href=\"#\">Hist\u00f3ria<\/a><\/li>\n<li><a href=\"#\">RSE<\/a><\/li>\n<li><a href=\"#\">Carreira<\/a><\/li>\n<li><a href=\"#\">Parque do Conhecimento<\/a><\/li>\n\n\t\t\t<\/ul>\n\t\t<\/div>\n\t<\/div>\n\t\t\t\t<\/div>\n\t\t\t<!-- end Service single sidebar -->\t\t<\/div>\n\t\t\t\t<\/div>\n\t\t\t\t<div class=\"elementor-element elementor-element-698663a8 dce_masking-none jltma-glass-effect-no elementor-widget elementor-widget-video\" data-id=\"698663a8\" data-element_type=\"widget\" data-settings=\"{&quot;youtube_url&quot;:&quot;https:\\\/\\\/www.youtube.com\\\/watch?v=XHOmBV4js_E&quot;,&quot;video_type&quot;:&quot;youtube&quot;,&quot;controls&quot;:&quot;yes&quot;}\" data-widget_type=\"video.default\">\n\t\t\t\t<div class=\"elementor-widget-container\">\n\t\t\t\t\t<div class=\"elementor-wrapper elementor-open-inline\">\n\t\t\t<div class=\"elementor-video\"><\/div>\t\t<\/div>\n\t\t\t\t<\/div>\n\t\t\t\t<\/div>\n\t\t\t\t\t\t<\/div>\n\t\t\t\t\t<\/div>\n\t\t<\/div>\n\t\t\t\t\t\t\t\t<\/div>\n\t\t\t\t\t<\/div>\n\t\t<\/section>\n\t\t\t\t\t\t\t\t\t<\/div>\n\t\t\t<\/div>\n\t\t\t\t\t<\/div>\n\t\t","protected":false},"excerpt":{"rendered":"<p>Mais de 55 anos de rica experi\u00eancia e conhecimento diversificado em gest\u00e3o h\u00eddrica e ambiental. Empresa Sobre n\u00f3s Rela\u00e7\u00f5es com Investidores Hist\u00f3ria RSE Carreira Parque do Conhecimento<\/p>\n","protected":false},"author":9,"featured_media":50781,"parent":0,"menu_order":0,"comment_status":"closed","ping_status":"closed","template":"elementor_header_footer","meta":{"inline_featured_image":false},"yoast_head":"<!-- This site is optimized with the Yoast SEO plugin v20.12 - https:\/\/yoast.com\/wordpress\/plugins\/seo\/ -->\n<title>Conquistas - Ion Exchange<\/title>\n<meta name=\"robots\" content=\"index, follow, max-snippet:-1, max-image-preview:large, max-video-preview:-1\" \/>\n<link rel=\"canonical\" href=\"https:\/\/ionexchangeglobal.com\/int\/pt\/conquistas-2\/\" \/>\n<meta property=\"og:locale\" content=\"en_US\" \/>\n<meta property=\"og:type\" content=\"article\" \/>\n<meta property=\"og:title\" content=\"Conquistas - Ion Exchange\" \/>\n<meta property=\"og:description\" content=\"Mais de 55 anos de rica experi\u00eancia e conhecimento diversificado em gest\u00e3o h\u00eddrica e ambiental. Empresa Sobre n\u00f3s Rela\u00e7\u00f5es com Investidores Hist\u00f3ria RSE Carreira Parque do Conhecimento\" \/>\n<meta property=\"og:url\" content=\"https:\/\/ionexchangeglobal.com\/int\/pt\/conquistas-2\/\" \/>\n<meta property=\"og:site_name\" content=\"Ion Exchange\" \/>\n<meta property=\"article:publisher\" content=\"https:\/\/www.facebook.com\/IONEXCHANGE\" \/>\n<meta property=\"article:modified_time\" content=\"2023-12-28T09:53:07+00:00\" \/>\n<meta property=\"og:image\" content=\"https:\/\/ionexchangeglobal.com\/int\/wp-content\/uploads\/2024\/02\/milestones-banner-img.webp\" \/>\n\t<meta property=\"og:image:width\" content=\"1500\" \/>\n\t<meta property=\"og:image:height\" content=\"490\" \/>\n\t<meta property=\"og:image:type\" content=\"image\/webp\" \/>\n<meta name=\"twitter:card\" content=\"summary_large_image\" \/>\n<meta name=\"twitter:site\" content=\"@IEI_Ltd\" \/>\n<script type=\"application\/ld+json\" class=\"yoast-schema-graph\">{\"@context\":\"https:\/\/schema.org\",\"@graph\":[{\"@type\":\"WebPage\",\"@id\":\"https:\/\/ionexchangeglobal.com\/int\/pt\/conquistas-2\/\",\"url\":\"https:\/\/ionexchangeglobal.com\/int\/pt\/conquistas-2\/\",\"name\":\"Conquistas - Ion Exchange\",\"isPartOf\":{\"@id\":\"https:\/\/ionexchangeglobal.com\/int\/#website\"},\"datePublished\":\"2021-07-29T10:19:30+00:00\",\"dateModified\":\"2023-12-28T09:53:07+00:00\",\"breadcrumb\":{\"@id\":\"https:\/\/ionexchangeglobal.com\/int\/pt\/conquistas-2\/#breadcrumb\"},\"inLanguage\":\"en-US\",\"potentialAction\":[{\"@type\":\"ReadAction\",\"target\":[\"https:\/\/ionexchangeglobal.com\/int\/pt\/conquistas-2\/\"]}]},{\"@type\":\"BreadcrumbList\",\"@id\":\"https:\/\/ionexchangeglobal.com\/int\/pt\/conquistas-2\/#breadcrumb\",\"itemListElement\":[{\"@type\":\"ListItem\",\"position\":1,\"name\":\"Home\",\"item\":\"https:\/\/ionexchangeglobal.com\/int\/pt\/pagina-inicial\/\"},{\"@type\":\"ListItem\",\"position\":2,\"name\":\"Conquistas\"}]},{\"@type\":\"WebSite\",\"@id\":\"https:\/\/ionexchangeglobal.com\/int\/#website\",\"url\":\"https:\/\/ionexchangeglobal.com\/int\/\",\"name\":\"Ion Exchange\",\"description\":\"Refreshing the Planet\",\"publisher\":{\"@id\":\"https:\/\/ionexchangeglobal.com\/int\/#organization\"},\"potentialAction\":[{\"@type\":\"SearchAction\",\"target\":{\"@type\":\"EntryPoint\",\"urlTemplate\":\"https:\/\/ionexchangeglobal.com\/int\/?s={search_term_string}\"},\"query-input\":\"required name=search_term_string\"}],\"inLanguage\":\"en-US\"},{\"@type\":\"Organization\",\"@id\":\"https:\/\/ionexchangeglobal.com\/int\/#organization\",\"name\":\"Ion Exchange\",\"url\":\"https:\/\/ionexchangeglobal.com\/int\/\",\"logo\":{\"@type\":\"ImageObject\",\"inLanguage\":\"en-US\",\"@id\":\"https:\/\/ionexchangeglobal.com\/int\/#\/schema\/logo\/image\/\",\"url\":\"http:\/\/localhost:8000\/app\/uploads\/2022\/05\/ion-logo-1.webp\",\"contentUrl\":\"http:\/\/localhost:8000\/app\/uploads\/2022\/05\/ion-logo-1.webp\",\"width\":1,\"height\":1,\"caption\":\"Ion Exchange\"},\"image\":{\"@id\":\"https:\/\/ionexchangeglobal.com\/int\/#\/schema\/logo\/image\/\"},\"sameAs\":[\"https:\/\/www.facebook.com\/IONEXCHANGE\",\"https:\/\/twitter.com\/IEI_Ltd\",\"https:\/\/www.youtube.com\/channel\/UCqSuT-yd40I7RZ4p5UXuKbA\/videos\"]}]}<\/script>\n<!-- \/ Yoast SEO plugin. -->","yoast_head_json":{"title":"Conquistas - Ion Exchange","robots":{"index":"index","follow":"follow","max-snippet":"max-snippet:-1","max-image-preview":"max-image-preview:large","max-video-preview":"max-video-preview:-1"},"canonical":"https:\/\/ionexchangeglobal.com\/int\/pt\/conquistas-2\/","og_locale":"en_US","og_type":"article","og_title":"Conquistas - Ion Exchange","og_description":"Mais de 55 anos de rica experi\u00eancia e conhecimento diversificado em gest\u00e3o h\u00eddrica e ambiental. Empresa Sobre n\u00f3s Rela\u00e7\u00f5es com Investidores Hist\u00f3ria RSE Carreira Parque do Conhecimento","og_url":"https:\/\/ionexchangeglobal.com\/int\/pt\/conquistas-2\/","og_site_name":"Ion Exchange","article_publisher":"https:\/\/www.facebook.com\/IONEXCHANGE","article_modified_time":"2023-12-28T09:53:07+00:00","og_image":[{"width":1500,"height":490,"url":"https:\/\/ionexchangeglobal.com\/int\/wp-content\/uploads\/2024\/02\/milestones-banner-img.webp","type":"image\/webp"}],"twitter_card":"summary_large_image","twitter_site":"@IEI_Ltd","schema":{"@context":"https:\/\/schema.org","@graph":[{"@type":"WebPage","@id":"https:\/\/ionexchangeglobal.com\/int\/pt\/conquistas-2\/","url":"https:\/\/ionexchangeglobal.com\/int\/pt\/conquistas-2\/","name":"Conquistas - Ion Exchange","isPartOf":{"@id":"https:\/\/ionexchangeglobal.com\/int\/#website"},"datePublished":"2021-07-29T10:19:30+00:00","dateModified":"2023-12-28T09:53:07+00:00","breadcrumb":{"@id":"https:\/\/ionexchangeglobal.com\/int\/pt\/conquistas-2\/#breadcrumb"},"inLanguage":"en-US","potentialAction":[{"@type":"ReadAction","target":["https:\/\/ionexchangeglobal.com\/int\/pt\/conquistas-2\/"]}]},{"@type":"BreadcrumbList","@id":"https:\/\/ionexchangeglobal.com\/int\/pt\/conquistas-2\/#breadcrumb","itemListElement":[{"@type":"ListItem","position":1,"name":"Home","item":"https:\/\/ionexchangeglobal.com\/int\/pt\/pagina-inicial\/"},{"@type":"ListItem","position":2,"name":"Conquistas"}]},{"@type":"WebSite","@id":"https:\/\/ionexchangeglobal.com\/int\/#website","url":"https:\/\/ionexchangeglobal.com\/int\/","name":"Ion Exchange","description":"Refreshing the Planet","publisher":{"@id":"https:\/\/ionexchangeglobal.com\/int\/#organization"},"potentialAction":[{"@type":"SearchAction","target":{"@type":"EntryPoint","urlTemplate":"https:\/\/ionexchangeglobal.com\/int\/?s={search_term_string}"},"query-input":"required name=search_term_string"}],"inLanguage":"en-US"},{"@type":"Organization","@id":"https:\/\/ionexchangeglobal.com\/int\/#organization","name":"Ion Exchange","url":"https:\/\/ionexchangeglobal.com\/int\/","logo":{"@type":"ImageObject","inLanguage":"en-US","@id":"https:\/\/ionexchangeglobal.com\/int\/#\/schema\/logo\/image\/","url":"http:\/\/localhost:8000\/app\/uploads\/2022\/05\/ion-logo-1.webp","contentUrl":"http:\/\/localhost:8000\/app\/uploads\/2022\/05\/ion-logo-1.webp","width":1,"height":1,"caption":"Ion Exchange"},"image":{"@id":"https:\/\/ionexchangeglobal.com\/int\/#\/schema\/logo\/image\/"},"sameAs":["https:\/\/www.facebook.com\/IONEXCHANGE","https:\/\/twitter.com\/IEI_Ltd","https:\/\/www.youtube.com\/channel\/UCqSuT-yd40I7RZ4p5UXuKbA\/videos"]}]}},"lang":"pt","translations":{"pt":46023,"en":8325,"ru":39310,"ar":40552,"ko":40571,"zh":40596,"it":45409,"ja":46035,"de":47890},"pll_sync_post":[],"_links":{"self":[{"href":"https:\/\/ionexchangeglobal.com\/int\/wp-json\/wp\/v2\/pages\/46023"}],"collection":[{"href":"https:\/\/ionexchangeglobal.com\/int\/wp-json\/wp\/v2\/pages"}],"about":[{"href":"https:\/\/ionexchangeglobal.com\/int\/wp-json\/wp\/v2\/types\/page"}],"author":[{"embeddable":true,"href":"https:\/\/ionexchangeglobal.com\/int\/wp-json\/wp\/v2\/users\/9"}],"replies":[{"embeddable":true,"href":"https:\/\/ionexchangeglobal.com\/int\/wp-json\/wp\/v2\/comments?post=46023"}],"version-history":[{"count":7,"href":"https:\/\/ionexchangeglobal.com\/int\/wp-json\/wp\/v2\/pages\/46023\/revisions"}],"predecessor-version":[{"id":46031,"href":"https:\/\/ionexchangeglobal.com\/int\/wp-json\/wp\/v2\/pages\/46023\/revisions\/46031"}],"wp:featuredmedia":[{"embeddable":true,"href":"https:\/\/ionexchangeglobal.com\/int\/wp-json\/wp\/v2\/media\/50781"}],"wp:attachment":[{"href":"https:\/\/ionexchangeglobal.com\/int\/wp-json\/wp\/v2\/media?parent=46023"}],"curies":[{"name":"wp","href":"https:\/\/api.w.org\/{rel}","templated":true}]}}