{"id":36346,"date":"2022-05-03T11:24:21","date_gmt":"2022-05-03T11:24:21","guid":{"rendered":"https:\/\/stage.ionexchangeglobal.com\/?page_id=36346"},"modified":"2023-09-11T14:19:59","modified_gmt":"2023-09-11T08:49:59","slug":"nanofiltracao","status":"publish","type":"page","link":"https:\/\/ionexchangeglobal.com\/int\/pt\/nanofiltracao\/","title":{"rendered":"Nanofiltra\u00e7\u00e3o"},"content":{"rendered":"\t\t<div data-elementor-type=\"wp-page\" data-elementor-id=\"36346\" data-post-id=\"36346\" data-obj-id=\"36346\" class=\"elementor elementor-36346 dce-elementor-post-36346\">\n\t\t\t\t\t\t<div class=\"elementor-inner\">\n\t\t\t\t<div class=\"elementor-section-wrap\">\n\t\t\t\t\t\t\t\t\t<section class=\"has_ma_el_bg_slider elementor-section elementor-top-section elementor-element elementor-element-fa13efb elementor-section-boxed elementor-section-height-default elementor-section-height-default jltma-glass-effect-no\" data-id=\"fa13efb\" data-element_type=\"section\">\n\t\t\t\t\t\t<div class=\"elementor-container elementor-column-gap-default\">\n\t\t\t\t\t\t\t<div class=\"elementor-row\">\n\t\t\t\t\t<div class=\"has_ma_el_bg_slider elementor-column elementor-col-100 elementor-top-column elementor-element elementor-element-95e0b42 jltma-glass-effect-no\" data-id=\"95e0b42\" data-element_type=\"column\">\n\t\t\t<div class=\"elementor-column-wrap elementor-element-populated\">\n\t\t\t\t\t\t\t<div class=\"elementor-widget-wrap\">\n\t\t\t\t\t\t<section class=\"has_ma_el_bg_slider elementor-section elementor-inner-section elementor-element elementor-element-d692a37 elementor-section-boxed elementor-section-height-default elementor-section-height-default jltma-glass-effect-no\" data-id=\"d692a37\" data-element_type=\"section\">\n\t\t\t\t\t\t<div class=\"elementor-container elementor-column-gap-default\">\n\t\t\t\t\t\t\t<div class=\"elementor-row\">\n\t\t\t\t\t<div class=\"has_ma_el_bg_slider elementor-column elementor-col-100 elementor-inner-column elementor-element elementor-element-79efe67 jltma-glass-effect-no\" data-id=\"79efe67\" data-element_type=\"column\">\n\t\t\t<div class=\"elementor-column-wrap elementor-element-populated\">\n\t\t\t\t\t\t\t<div class=\"elementor-widget-wrap\">\n\t\t\t\t\t\t<div class=\"elementor-element elementor-element-b4f5583 jltma-glass-effect-no elementor-widget elementor-widget-heading\" data-id=\"b4f5583\" data-element_type=\"widget\" data-widget_type=\"heading.default\">\n\t\t\t\t<div class=\"elementor-widget-container\">\n\t\t\t<h2 class=\"elementor-heading-title elementor-size-default\">DESCRI\u00c7\u00c3O DO PRODUTO<\/h2>\t\t<\/div>\n\t\t\t\t<\/div>\n\t\t\t\t<div class=\"elementor-element elementor-element-6c79d14 jltma-glass-effect-no elementor-widget elementor-widget-text-editor\" data-id=\"6c79d14\" data-element_type=\"widget\" data-widget_type=\"text-editor.default\">\n\t\t\t\t<div class=\"elementor-widget-container\">\n\t\t\t\t\t\t\t\t<div class=\"elementor-text-editor elementor-clearfix\">\n\t\t\t\t<p>A membrana de nanofiltra\u00e7\u00e3o (NF) oferece uma alternativa econ\u00f4mica aos processos convencionais de amolecimento para remo\u00e7\u00e3o da dureza frequentemente encontrada em fontes naturais de \u00e1gua e fluxos de processo. As vantagens dos sistemas de amolecimento de membrana NF incluem:<\/p><ul><li>Processo cont\u00ednuo &#8211; a regenera\u00e7\u00e3o n\u00e3o \u00e9 necess\u00e1ria<\/li><li>Nenhum res\u00edduo de regenera\u00e7\u00e3o \u00e9 produzido<\/li><li>Alta rejei\u00e7\u00e3o de dureza<\/li><li>N\u00e3o requer operador qualificado como para amaciamento de cal-soda<\/li><li>Requer menos espa\u00e7o que o equipamento de amaciamento de cal<\/li><\/ul><p>Redu\u00e7\u00f5es significativas de dureza s\u00e3o alcan\u00e7adas tanto na \u00e1gua do mar quanto no abastecimento municipal. Em termos de redu\u00e7\u00e3o da dureza, a baixa propor\u00e7\u00e3o de \u00e2nions divalentes\/monovalentes da \u00e1gua do mar \u00e9 compensada pelo alto teor de sal. A passagem relativamente alta do sal NaCl para a \u00e1gua do mar permite que a membrana NF atinja altas taxas de fluxo a baixas press\u00f5es, minimizando as diferen\u00e7as de press\u00e3o osm\u00f3tica atrav\u00e9s da membrana.<\/p><p>Clique aqui para conferir a linha Hydramem de membranas de nanofiltra\u00e7\u00e3o: https:\/\/hydramem.com\/nfm.html<\/p>\t\t\t\t\t<\/div>\n\t\t\t\t\t\t<\/div>\n\t\t\t\t<\/div>\n\t\t\t\t\t\t<\/div>\n\t\t\t\t\t<\/div>\n\t\t<\/div>\n\t\t\t\t\t\t\t\t<\/div>\n\t\t\t\t\t<\/div>\n\t\t<\/section>\n\t\t\t\t\t\t<\/div>\n\t\t\t\t\t<\/div>\n\t\t<\/div>\n\t\t\t\t\t\t\t\t<\/div>\n\t\t\t\t\t<\/div>\n\t\t<\/section>\n\t\t\t\t\t\t\t\t\t<\/div>\n\t\t\t<\/div>\n\t\t\t\t\t<\/div>\n\t\t","protected":false},"excerpt":{"rendered":"<p>DESCRI\u00c7\u00c3O DO PRODUTO A membrana de nanofiltra\u00e7\u00e3o (NF) oferece uma alternativa econ\u00f4mica aos processos convencionais de amolecimento para remo\u00e7\u00e3o da dureza frequentemente encontrada em fontes naturais de \u00e1gua e fluxos de processo. As vantagens dos sistemas de amolecimento de membrana NF incluem: Processo cont\u00ednuo &#8211; a regenera\u00e7\u00e3o n\u00e3o \u00e9 necess\u00e1ria Nenhum res\u00edduo de regenera\u00e7\u00e3o \u00e9&hellip;<\/p>\n","protected":false},"author":4,"featured_media":63170,"parent":0,"menu_order":0,"comment_status":"closed","ping_status":"closed","template":"elementor_header_footer","meta":{"inline_featured_image":false},"yoast_head":"<!-- This site is optimized with the Yoast SEO plugin v20.12 - https:\/\/yoast.com\/wordpress\/plugins\/seo\/ -->\n<title>Nano filtration (NF) Membrane System Manufacturer - Ion Exchange<\/title>\n<meta name=\"description\" content=\"Ion Exchange is a Nano filtration (NF) membrane system manufacturer company in India. We offer a cost-effective alternative to conventional softening processes.\" \/>\n<meta name=\"robots\" content=\"index, follow, max-snippet:-1, max-image-preview:large, max-video-preview:-1\" \/>\n<link rel=\"canonical\" href=\"https:\/\/ionexchangeglobal.com\/int\/pt\/nanofiltracao\/\" \/>\n<meta property=\"og:locale\" content=\"en_US\" \/>\n<meta property=\"og:type\" content=\"article\" \/>\n<meta property=\"og:title\" content=\"Nano filtration (NF) Membrane System Manufacturer - Ion Exchange\" \/>\n<meta property=\"og:description\" content=\"Ion Exchange is a Nano filtration (NF) membrane system manufacturer company in India. We offer a cost-effective alternative to conventional softening processes.\" \/>\n<meta property=\"og:url\" content=\"https:\/\/ionexchangeglobal.com\/int\/pt\/nanofiltracao\/\" \/>\n<meta property=\"og:site_name\" content=\"Ion Exchange\" \/>\n<meta property=\"article:publisher\" content=\"https:\/\/www.facebook.com\/IONEXCHANGE\" \/>\n<meta property=\"article:modified_time\" content=\"2023-09-11T08:49:59+00:00\" \/>\n<meta property=\"og:image\" content=\"https:\/\/ionexchangeglobal.com\/int\/wp-content\/uploads\/2022\/04\/water-treatment-banner-img.jpg\" \/>\n\t<meta property=\"og:image:width\" content=\"1920\" \/>\n\t<meta property=\"og:image:height\" content=\"1280\" \/>\n\t<meta property=\"og:image:type\" content=\"image\/jpeg\" \/>\n<meta name=\"twitter:card\" content=\"summary_large_image\" \/>\n<meta name=\"twitter:site\" content=\"@IEI_Ltd\" \/>\n<meta name=\"twitter:label1\" content=\"Est. reading time\" \/>\n\t<meta name=\"twitter:data1\" content=\"1 minute\" \/>\n<script type=\"application\/ld+json\" class=\"yoast-schema-graph\">{\"@context\":\"https:\/\/schema.org\",\"@graph\":[{\"@type\":\"WebPage\",\"@id\":\"https:\/\/ionexchangeglobal.com\/int\/pt\/nanofiltracao\/\",\"url\":\"https:\/\/ionexchangeglobal.com\/int\/pt\/nanofiltracao\/\",\"name\":\"Nano filtration (NF) Membrane System Manufacturer - Ion Exchange\",\"isPartOf\":{\"@id\":\"https:\/\/ionexchangeglobal.com\/int\/#website\"},\"datePublished\":\"2022-05-03T11:24:21+00:00\",\"dateModified\":\"2023-09-11T08:49:59+00:00\",\"description\":\"Ion Exchange is a Nano filtration (NF) membrane system manufacturer company in India. We offer a cost-effective alternative to conventional softening processes.\",\"breadcrumb\":{\"@id\":\"https:\/\/ionexchangeglobal.com\/int\/pt\/nanofiltracao\/#breadcrumb\"},\"inLanguage\":\"en-US\",\"potentialAction\":[{\"@type\":\"ReadAction\",\"target\":[\"https:\/\/ionexchangeglobal.com\/int\/pt\/nanofiltracao\/\"]}]},{\"@type\":\"BreadcrumbList\",\"@id\":\"https:\/\/ionexchangeglobal.com\/int\/pt\/nanofiltracao\/#breadcrumb\",\"itemListElement\":[{\"@type\":\"ListItem\",\"position\":1,\"name\":\"Home\",\"item\":\"https:\/\/ionexchangeglobal.com\/int\/pt\/pagina-inicial\/\"},{\"@type\":\"ListItem\",\"position\":2,\"name\":\"Nanofiltra\u00e7\u00e3o\"}]},{\"@type\":\"WebSite\",\"@id\":\"https:\/\/ionexchangeglobal.com\/int\/#website\",\"url\":\"https:\/\/ionexchangeglobal.com\/int\/\",\"name\":\"Ion Exchange\",\"description\":\"Refreshing the Planet\",\"publisher\":{\"@id\":\"https:\/\/ionexchangeglobal.com\/int\/#organization\"},\"potentialAction\":[{\"@type\":\"SearchAction\",\"target\":{\"@type\":\"EntryPoint\",\"urlTemplate\":\"https:\/\/ionexchangeglobal.com\/int\/?s={search_term_string}\"},\"query-input\":\"required name=search_term_string\"}],\"inLanguage\":\"en-US\"},{\"@type\":\"Organization\",\"@id\":\"https:\/\/ionexchangeglobal.com\/int\/#organization\",\"name\":\"Ion Exchange\",\"url\":\"https:\/\/ionexchangeglobal.com\/int\/\",\"logo\":{\"@type\":\"ImageObject\",\"inLanguage\":\"en-US\",\"@id\":\"https:\/\/ionexchangeglobal.com\/int\/#\/schema\/logo\/image\/\",\"url\":\"http:\/\/localhost:8000\/app\/uploads\/2022\/05\/ion-logo-1.webp\",\"contentUrl\":\"http:\/\/localhost:8000\/app\/uploads\/2022\/05\/ion-logo-1.webp\",\"width\":1,\"height\":1,\"caption\":\"Ion Exchange\"},\"image\":{\"@id\":\"https:\/\/ionexchangeglobal.com\/int\/#\/schema\/logo\/image\/\"},\"sameAs\":[\"https:\/\/www.facebook.com\/IONEXCHANGE\",\"https:\/\/twitter.com\/IEI_Ltd\",\"https:\/\/www.youtube.com\/channel\/UCqSuT-yd40I7RZ4p5UXuKbA\/videos\"]}]}<\/script>\n<!-- \/ Yoast SEO plugin. -->","yoast_head_json":{"title":"Nano filtration (NF) Membrane System Manufacturer - Ion Exchange","description":"Ion Exchange is a Nano filtration (NF) membrane system manufacturer company in India. We offer a cost-effective alternative to conventional softening processes.","robots":{"index":"index","follow":"follow","max-snippet":"max-snippet:-1","max-image-preview":"max-image-preview:large","max-video-preview":"max-video-preview:-1"},"canonical":"https:\/\/ionexchangeglobal.com\/int\/pt\/nanofiltracao\/","og_locale":"en_US","og_type":"article","og_title":"Nano filtration (NF) Membrane System Manufacturer - Ion Exchange","og_description":"Ion Exchange is a Nano filtration (NF) membrane system manufacturer company in India. We offer a cost-effective alternative to conventional softening processes.","og_url":"https:\/\/ionexchangeglobal.com\/int\/pt\/nanofiltracao\/","og_site_name":"Ion Exchange","article_publisher":"https:\/\/www.facebook.com\/IONEXCHANGE","article_modified_time":"2023-09-11T08:49:59+00:00","og_image":[{"width":1920,"height":1280,"url":"https:\/\/ionexchangeglobal.com\/int\/wp-content\/uploads\/2022\/04\/water-treatment-banner-img.jpg","type":"image\/jpeg"}],"twitter_card":"summary_large_image","twitter_site":"@IEI_Ltd","twitter_misc":{"Est. reading time":"1 minute"},"schema":{"@context":"https:\/\/schema.org","@graph":[{"@type":"WebPage","@id":"https:\/\/ionexchangeglobal.com\/int\/pt\/nanofiltracao\/","url":"https:\/\/ionexchangeglobal.com\/int\/pt\/nanofiltracao\/","name":"Nano filtration (NF) Membrane System Manufacturer - Ion Exchange","isPartOf":{"@id":"https:\/\/ionexchangeglobal.com\/int\/#website"},"datePublished":"2022-05-03T11:24:21+00:00","dateModified":"2023-09-11T08:49:59+00:00","description":"Ion Exchange is a Nano filtration (NF) membrane system manufacturer company in India. We offer a cost-effective alternative to conventional softening processes.","breadcrumb":{"@id":"https:\/\/ionexchangeglobal.com\/int\/pt\/nanofiltracao\/#breadcrumb"},"inLanguage":"en-US","potentialAction":[{"@type":"ReadAction","target":["https:\/\/ionexchangeglobal.com\/int\/pt\/nanofiltracao\/"]}]},{"@type":"BreadcrumbList","@id":"https:\/\/ionexchangeglobal.com\/int\/pt\/nanofiltracao\/#breadcrumb","itemListElement":[{"@type":"ListItem","position":1,"name":"Home","item":"https:\/\/ionexchangeglobal.com\/int\/pt\/pagina-inicial\/"},{"@type":"ListItem","position":2,"name":"Nanofiltra\u00e7\u00e3o"}]},{"@type":"WebSite","@id":"https:\/\/ionexchangeglobal.com\/int\/#website","url":"https:\/\/ionexchangeglobal.com\/int\/","name":"Ion Exchange","description":"Refreshing the Planet","publisher":{"@id":"https:\/\/ionexchangeglobal.com\/int\/#organization"},"potentialAction":[{"@type":"SearchAction","target":{"@type":"EntryPoint","urlTemplate":"https:\/\/ionexchangeglobal.com\/int\/?s={search_term_string}"},"query-input":"required name=search_term_string"}],"inLanguage":"en-US"},{"@type":"Organization","@id":"https:\/\/ionexchangeglobal.com\/int\/#organization","name":"Ion Exchange","url":"https:\/\/ionexchangeglobal.com\/int\/","logo":{"@type":"ImageObject","inLanguage":"en-US","@id":"https:\/\/ionexchangeglobal.com\/int\/#\/schema\/logo\/image\/","url":"http:\/\/localhost:8000\/app\/uploads\/2022\/05\/ion-logo-1.webp","contentUrl":"http:\/\/localhost:8000\/app\/uploads\/2022\/05\/ion-logo-1.webp","width":1,"height":1,"caption":"Ion Exchange"},"image":{"@id":"https:\/\/ionexchangeglobal.com\/int\/#\/schema\/logo\/image\/"},"sameAs":["https:\/\/www.facebook.com\/IONEXCHANGE","https:\/\/twitter.com\/IEI_Ltd","https:\/\/www.youtube.com\/channel\/UCqSuT-yd40I7RZ4p5UXuKbA\/videos"]}]}},"lang":"pt","translations":{"pt":36346,"ar":41889,"en":25672,"fr":36954,"de":37983,"ru":39364,"ja":43070,"it":44232,"ko":47059,"zh":47411,"th":63308},"pll_sync_post":[],"_links":{"self":[{"href":"https:\/\/ionexchangeglobal.com\/int\/wp-json\/wp\/v2\/pages\/36346"}],"collection":[{"href":"https:\/\/ionexchangeglobal.com\/int\/wp-json\/wp\/v2\/pages"}],"about":[{"href":"https:\/\/ionexchangeglobal.com\/int\/wp-json\/wp\/v2\/types\/page"}],"author":[{"embeddable":true,"href":"https:\/\/ionexchangeglobal.com\/int\/wp-json\/wp\/v2\/users\/4"}],"replies":[{"embeddable":true,"href":"https:\/\/ionexchangeglobal.com\/int\/wp-json\/wp\/v2\/comments?post=36346"}],"version-history":[{"count":1,"href":"https:\/\/ionexchangeglobal.com\/int\/wp-json\/wp\/v2\/pages\/36346\/revisions"}],"predecessor-version":[{"id":36357,"href":"https:\/\/ionexchangeglobal.com\/int\/wp-json\/wp\/v2\/pages\/36346\/revisions\/36357"}],"wp:featuredmedia":[{"embeddable":true,"href":"https:\/\/ionexchangeglobal.com\/int\/wp-json\/wp\/v2\/media\/63170"}],"wp:attachment":[{"href":"https:\/\/ionexchangeglobal.com\/int\/wp-json\/wp\/v2\/media?parent=36346"}],"curies":[{"name":"wp","href":"https:\/\/api.w.org\/{rel}","templated":true}]}}